is the highest common divisor of s and v?
7
Suppose 184*o - 249863 = 738769. Calculate the highest common divisor of o and 1393.
199
Let c be (3795/207)/((-1)/(-3)). What is the greatest common divisor of 360 and c?
5
Suppose 4*s = -3*i - 33 + 202, s = -5. Calculate the greatest common factor of i and 18.
9
Let l = -10870 - -11346. Calculate the highest common divisor of l and 272.
68
Suppose 8*q - 3*i - 130547 = 0, -3*q - 41*i = -40*i - 48970. What is the greatest common divisor of 38 and q?
19
Let s(c) = 4*c**3 - 16*c**2 - 39*c + 685. Let n be s(13). What is the highest common divisor of 186 and n?
62
Let r be (9 + -44)/(-1 - 0). Suppose -2*y + r + 23 = 0. Let i = 34 - y. Calculate the greatest common factor of 15 and i.
5
Let l(w) = -49*w + 1190. Let u be l(14). Calculate the highest common factor of u and 9.
9
Suppose y = -3*k - 0 + 106, 0 = 2*y - 4*k - 202. Let m = -23 + y. What is the highest common factor of 32 and m?
16
Let a(s) = s**3 + 13*s**2 + 10*s + 14. Let m be a(-3). Suppose x + x - p = 441, -237 = -x - 5*p. What is the greatest common factor of x and m?
74
Let r = 131 + -66. Suppose 0 = -7*b - 0*b - 4*b. Suppose b = -150*w + 151*w - 26. Calculate the greatest common divisor of w and r.
13
Let v be (1*(-3876)/(-6))/(((-72)/318)/(-6)). Calculate the highest common factor of 17 and v.
17
Suppose 0*c + 2*k = -c + 85, -c + 90 = k. Suppose 2*y - 25 = -8*i + 11*i, c = 4*y + 3*i. Calculate the highest common factor of 50 and y.
10
Let t be 24/9*(-5 + (-46)/(-8)). Let k be (-44)/(-11) + 19*t. Let y be 5/(10/4) + 5. What is the greatest common factor of k and y?
7
Let x = 1934 - 1710. Calculate the highest common divisor of 136 and x.
8
Let i = -1098 + 1408. What is the greatest common factor of 992 and i?
62
Let t be 1/(2/(-2)) + 25. Let w = -22 + 22. Suppose -4*o + 4*k + 856 = 0, 3*o + 2*o + 4*k - 1088 = w. Calculate the greatest common divisor of t and o.
24
Let z(g) = g**2 + g + 3. Let j be z(3). Let f = 480 - 440. Calculate the greatest common factor of f and j.
5
Let t be (3 + 69)*(87/(-9) - -11). Calculate the highest common factor of t and 84.
12
Let b = -144 - -151. Let y = 71 + b. Calculate the highest common factor of y and 351.
39
Let t = 619 + -612. Suppose 2614 + 81 = t*p. What is the highest common divisor of p and 35?
35
Let i = -599 - -1015. Calculate the highest common factor of 32 and i.
32
Let q(u) = -u + 15. Let l be q(9). Suppose -5*g + 4*f + 2 = -l, -2*g - 4*f + 20 = 0. Suppose -56 = -10*z + g. Calculate the greatest common divisor of z and 12.
6
Let y(w) = 51*w + 1242. Let b be y(-18). Calculate the greatest common divisor of b and 576.
36
Let v(f) = f**2 - 37*f + 90. Suppose 5*x + 3*a - 169 = 0, 2*a = -2*x + 8 + 58. Let m be v(x). Calculate the highest common factor of m and 320.
20
Suppose -164 + 422 + 596 = 2*a. Calculate the greatest common divisor of 2501 and a.
61
Let s(l) = l**2 + 60*l - 67. Let z be s(-13). Let k = 687 + z. Calculate the greatest common divisor of 81 and k.
9
Let z(j) = j**2 - 7*j - 10. Let l be z(9). Let d be (7/21 + 7/6)*-2 - -9. What is the highest common factor of d and l?
2
Let n = -91 - -93. Let a be n*91 + (0/(-3))/(-1). What is the highest common factor of a and 14?
14
Suppose 0 = -2*u - 2, -3*c - 2*c + 4*u + 1949 = 0. Suppose 3*l - 3100 + c = -5*r, 0 = 4*r + 2*l - 2170. Calculate the greatest common factor of r and 16.
16
Let f(x) = 3*x**3 - 3*x**2 + 17*x - 9. Let y be f(3). Suppose -b + 180 = 4*b. What is the highest common factor of y and b?
12
Suppose -3*j = 2*j - 205. Let z be 3155/11 - (-12)/66. What is the highest common divisor of z and j?
41
Let x(g) = 751*g + 4227. Let a be x(-5). Calculate the greatest common factor of 16 and a.
8
Let g = 1290 + -1215. Calculate the greatest common divisor of g and 3800.
25
Suppose -45*v - 5*j = -42*v - 47036, 4*j + 94058 = 6*v. Calculate the highest common divisor of 1028 and v.
257
Let b(v) = -v**3 - 29*v**2 - 29*v - 24. Suppose -4*m + 4*u - 108 = -0*m, -5 = 5*u. Let c be b(m). What is the highest common divisor of c and 1?
1
Suppose -384 = -5*k - 124. Suppose 126 = -9565*x + 9586*x. Calculate the greatest common divisor of k and x.
2
Let g(a) = -154*a + 321. Let r(p) = -52*p + 107. Let v(d) = 6*g(d) - 17*r(d). Let o be v(-8). Calculate the highest common divisor of o and 122.
61
Let g be (-70840)/245*(-21)/6. What is the highest common factor of 88 and g?
44
Let s be 3/6*(34 - -98). Let g = 16 - 10. Calculate the highest common divisor of s and g.
6
Let l = 43 - -142. What is the greatest common factor of l and 999?
37
Suppose 2*u - 11 = 119. Let i(p) = p**3 + 141*p - 285. Let n be i(2). What is the highest common factor of u and n?
5
Let t be -12 + 20 + -14 - (-284)/2. What is the greatest common factor of 1139 and t?
17
Suppose -4*u - 2*f = -0*f - 306, -234 = -3*u + 3*f. What is the highest common factor of u and 352?
11
Let q = 38 + -28. Let f = 2703 + -2113. What is the greatest common factor of q and f?
10
Suppose -5*u - 186 = -3*g - 59, -g + 2*u = -40. Calculate the highest common factor of g and 918.
54
Suppose -14*t - 210 = -70. Let b be (t/3)/((-4)/6). Suppose 50 = b*u - 75. Calculate the highest common factor of u and 10.
5
Let p be (2/(-4))/(11/(-154)). Suppose 0 = 4*f + 3*z - 915, -z = -3*f + p*f - 921. What is the highest common divisor of 21 and f?
21
Let f = -25132 - -25162. Calculate the highest common divisor of 7635 and f.
15
Suppose 2*p = -76*c + 68*c + 414, 4*p = -c + 48. Suppose -3*l + 23 = -4*d - 1, 2*l - 3*d - 16 = 0. What is the greatest common factor of c and l?
4
Let m(o) = -289*o + 1. Let g be m(-1). Let d(n) = 9*n**2 + 201*n - 128. Let v be d(-23). What is the highest common divisor of v and g?
10
Suppose 3*z - 5*d = 9810, -347*z + 3*d - 13051 = -351*z. Calculate the highest common divisor of 5 and z.
5
Let c be 42 + ((-56)/56)/((-1)/(-10)). What is the greatest common factor of 17440 and c?
32
Suppose 0*z + 5*z + 5*l = -110, -2*l = -z - 13. Let o(u) = u**3 + 19*u**2 - 3*u - 4. Let h be o(z). What is the greatest common divisor of h and 424?
53
Suppose -z = -8*x - 346, 1614 - 385 = 4*z - x. Calculate the highest common factor of z and 6579.
153
Let k = -32 + 34. Suppose k*l - 3 - 5 = 0. Suppose 0 = -w, 4*i - l*w = i + 81. What is the highest common factor of i and 18?
9
Let r(m) = 9*m**3 - m**2 + m - 1. Let x be r(1). Suppose 0 = -42*c + 40*c - 2*y + 114, -c + 2*y + 78 = 0. What is the greatest common divisor of x and c?
8
Suppose -5*o - 24 + 74 = 0. Let b be 15 + (-9)/18*26. What is the highest common divisor of o and b?
2
Let l = -159 + 171. Let o be -1*l/8 - 579/(-6). What is the greatest common factor of 19 and o?
19
Let j be (1818/72 + -24)/(-3*(-1)/1788). Calculate the greatest common divisor of 25 and j.
5
Suppose -5*j + 2 = -w, 106*j = 101*j + 15. Calculate the greatest common divisor of 2353 and w.
13
Let r = 35 - 35. Suppose 0 = 3*y - c + 4, r = -y + 6*y + 5*c. Let t be y*(-3 - (3 - 6)) - -30. What is the greatest common divisor of 6 and t?
6
Suppose 5*d - 21 = 3*m - 456, -2*d = -m + 144. Suppose 2*h + 23 = 223. Calculate the greatest common divisor of h and m.
50
Let o = 51 - 45. Suppose 2*u = -4*r - 12, -o*r + r + 3*u + 7 = 0. Let q be (-6 + 3)*r - (-56)/4. What is the highest common factor of 85 and q?
17
Let s = 255 - 252. Suppose 0*k - d + 41 = s*k, 5*d + 5 = -k. Let t(p) = p**2 + 3*p + 5. Let c be t(5). What is the highest common divisor of c and k?
15
Suppose 7*s - 13650 = -5*s - s. Calculate the highest common factor of s and 84.
42
Suppose -4*j - 4 + 16 = 0. Suppose j*n + 249 = m - 5, 0 = 4*m + 5*n - 982. Calculate the greatest common factor of 31 and m.
31
Let f = -4463 - -4503. What is the highest common factor of 524 and f?
4
Suppose 2*d - 90 = 14. Suppose 1117*w = 202576 + 718. What is the highest common factor of w and d?
26
Let v be ((-50)/(-75))/(6/27). Suppose -3*q - v*i = -162, q - i - 28 = 24. What is the highest common divisor of q and 636?
53
Suppose -1937*p + 1933*p - 384 = -4*k, 0 = 2*p + 2. Calculate the highest common divisor of 57 and k.
19
Let n be ((-9)/3)/(0 - (-21)/(-11956)) + 4. Calculate the greatest common factor of n and 104.
8
Suppose -k - 5*h + 16 = 0, -13 + 3 = -k - 3*h. Suppose t + k = 11. Suppose -2*p + u = -t, -2*u = 2*u. What is the greatest common div